8*o - 103. What is the units digit of j?
3
Let w(a) = a**2 + 5. Let l(h) = h + 1. Let p(d) = 2*l(d) + w(d). Suppose 0 = 4*m + i + 22, 3*m + 5*i + 3 = -5. What is the units digit of p(m)?
1
Let p(z) = 21*z - 1. Let s(g) = 22*g - 1. Let t(a) = -7*p(a) + 6*s(a). Suppose 0 = -5*u + 5*m + 5, -2 = 5*u + m + 5. What is the tens digit of t(u)?
1
Let y(d) = -14*d - 1. Let z be y(-9). Suppose l + z = 2*q + 6*l, 0 = 5*l - 5. Suppose 2*p - q = 3*o - o, 75 = 3*p + 2*o. What is the tens digit of p?
2
Suppose -3*c = -j, 2*j = -3*c + j. Suppose -4*q = -5*v - 106, -v - 2 = -c. What is the tens digit of q?
2
Suppose -a + 3*a = -5*n + 847, 2*a = -3*n + 837. What is the tens digit of a?
1
Let i = 83 - 58. Let q = i + -22. Suppose 0*o = o - 4*x - 56, -2*o + 92 = -q*x. What is the tens digit of o?
4
Let g be -1 + -14 + 1 + 4. Let z = 25 - g. What is the units digit of z?
5
Suppose -2*k + 5*j + 375 + 374 = 0, -k + 392 = j. What is the hundreds digit of k?
3
Suppose 40*q - 40 = 30*q. Suppose -q*k = -171 - 785. What is the units digit of k?
9
Let n be 68/(-6)*(-1 - 21/6). Suppose -u = -3*c - 0*u + n, -2*u = c - 24. What is the units digit of c?
8
Let y(a) = -4*a - 38. Let c be y(-10). Suppose -2*m - 734 = -2*o - c*o, 0 = -3*m + 15. What is the units digit of o?
6
Suppose 0 = 3*d - o - 4*o - 1573, 0 = d + o - 535. What is the units digit of d?
1
Let s(g) = 2*g**2 - 5*g - 4 + 2 + 4 - 6*g**3. Let i(h) = 5*h**3 - 2*h**2 + 5*h - 2. Let n(f) = 7*i(f) + 6*s(f). What is the tens digit of n(-4)?
1
Suppose -3*z = -2*m - 10, 0*m = 3*z - 3*m - 12. Suppose -z*s + 116 - 18 = 0. Suppose 0 = 3*t - s - 20. What is the units digit of t?
3
Let i = -218 - -346. Let s = 183 - i. What is the units digit of s?
5
Suppose 0 = -k - 5*q - 24, 2*q - 7*q - 81 = 4*k. Let p = k + 120. What is the hundreds digit of p?
1
Let b(p) = -p**2 + 13*p - 9. Let c = 29 + -15. Let h be 90/c - 15/35. What is the units digit of b(h)?
3
Let j(r) = 2*r**3 - r**2 - 7*r. Let o be j(3). Suppose 3*x = x + o. What is the units digit of x?
2
Let q(g) = -8*g**2 + 11. Let u be q(6). Let x = u - -404. What is the tens digit of x?
2
Let v(q) = 22*q**2 + 1. Let r = -12 + 14. What is the units digit of v(r)?
9
Let q(j) = j**2 + 14*j + 44. Let g be q(-5). Let x(c) be the first derivative of -18*c**2 + 1. What is the tens digit of x(g)?
3
Let t = 55 - 52. Suppose -t*z + 552 = 4*q, 3*q - 363 - 80 = 5*z. What is the hundreds digit of q?
1
Let d(q) = 52*q - 6. Let s be d(3). Let j = s - 82. What is the units digit of j?
8
Suppose 230 = 5*a - 3*j, 2*a - 6*j + 3*j = 83. What is the units digit of a?
9
Let d(t) = t**3 - t**2 + t + 42. Let y = -14 - -18. Suppose -4 = y*h + 4*i + 4, 0 = 3*i + 6. What is the tens digit of d(h)?
4
Suppose -5*s + 308 = 4*u, 0 = -u + 3*u - 4. Let f = -10 + s. What is the tens digit of f?
5
Let r = -2630 - -3729. What is the tens digit of r?
9
Let y be 0/((-9)/(1 - -2)). Suppose 4*d = -y*d + 408. What is the hundreds digit of d?
1
Let m be ((-134)/5)/(7/35). What is the tens digit of m/(-8) + (-22)/(-88)?
1
Let b(a) = -3*a + 3. Let r = -32 - -26. Let y be (-6)/4 - 3/r. What is the units digit of b(y)?
6
Let c = -16 - 99. Let x = c + 187. What is the units digit of x?
2
Suppose 8*u = 6*u - 16. Let c(j) = -7*j + 10. What is the tens digit of c(u)?
6
Let v(l) = 27*l + 13. What is the tens digit of v(6)?
7
Let v(b) = 32*b - 713. What is the units digit of v(27)?
1
Suppose l - 2 = 0, -5*r = -11*l + 6*l + 485. Let a = r - -128. What is the tens digit of a?
3
Let o(z) = 55*z**3 - 11*z**2 - 6*z. What is the thousands digit of o(3)?
1
Let o be -1*1*(0 + -2). Let t be -6*1 + 2 - o. What is the units digit of ((-76)/t)/((-6)/(-9))?
9
What is the thousands digit of 168/9*498/7?
1
Let z(s) = 24*s - 7. Let c(j) = j + 1. Let m(q) = 6*c(q) - z(q). What is the tens digit of m(-4)?
8
Suppose -9*m + 7*m + 10 = 0. What is the tens digit of (m + -6)/(2/(-184))?
9
Let b = -1 - -5. Suppose 118 + 62 = b*z - 4*i, -5*z = i - 195. What is the units digit of z?
0
Let b be 41/6 + 3/18. Suppose 180 = b*p - 2*p. What is the tens digit of p?
3
Suppose -57*n + 46*n = -16709. What is the hundreds digit of n?
5
What is the tens digit of (-121 - 2)*12*(-4)/8?
3
Let o(d) = d**2 - d + 275. What is the tens digit of o(0)?
7
Suppose -4*x + 22 = -2*r, -3*r + 12 = x - 11. Suppose -x*g = -g - 1463. What is the hundreds digit of g?
2
Suppose -2*u + 555 = 3*u. Suppose 7*k = u + 57. Suppose -h - 2*h + 56 = -2*m, 2*h - k = 4*m. What is the units digit of h?
2
What is the tens digit of (-273)/6*(-3520)/28?
2
Let v be (-8)/(-2) + 1 + 480. Suppose 6*f - f = v. What is the units digit of f?
7
Suppose -74*u = -79*u - 5*l + 6930, -4*u + 5541 = 3*l. What is the hundreds digit of u?
3
Let m(i) = 3*i**3 + 9*i**2 - 6*i + 8. Let j be m(-7). What is the tens digit of 7/14 + j/(-4)?
3
Let h(j) = -38*j + 147. What is the tens digit of h(-6)?
7
Let j(s) = 2*s**2 + 47*s - 64. Let q be j(-26). Let z = q - -41. What is the hundreds digit of z?
1
Suppose 33*t - 6470 = 5707. What is the units digit of t?
9
Suppose -o + 3*d + 128 = -20, 2*d = -o + 173. What is the hundreds digit of o?
1
Let u be (24/16)/(6/16). Suppose -u*b = 4, 200 = 4*w + 2*b - 62. What is the units digit of w?
6
Let z(f) = -9*f - 20. Suppose 0 = 5*y + 2*v + 70, -y - 5 - 1 = 2*v. What is the hundreds digit of z(y)?
1
Suppose -5*y - 12*l + 13*l = -14162, 8494 = 3*y + l. What is the tens digit of y?
3
What is the units digit of (396/30)/(5/((-2800)/(-12)))?
6
Let a = 232 - -21. What is the hundreds digit of a?
2
Let d = 1284 + 1250. What is the hundreds digit of d?
5
Let u(i) = -2*i**3 - 48*i**2 + 10*i + 79. What is the units digit of u(-26)?
3
What is the units digit of 24/(-44) - (-79136)/44?
8
Let b(r) = r**3 + 2*r**2 - 9*r + 8. Let i be b(4). Let o = i - 64. What is the units digit of o?
4
What is the units digit of ((-9732)/(-10))/(9/15)?
2
Let x(r) = -r**2 - 9*r + 446. What is the hundreds digit of x(0)?
4
Let h(t) = t + 9. Let s be h(5). Let z be (-6)/(-21) - (-94)/s. Suppose 17 + z = 4*d. What is the units digit of d?
6
Suppose 3*y + 2*p - 12 = -y, 0 = -5*y - p + 21. Suppose 68 + 102 = y*r. What is the tens digit of r?
3
Suppose 2*f + 2*f = 3*p - 478, -4*f + 170 = p. What is the tens digit of p?
6
Let f(x) = -17*x - 31. Let q be f(-11). Let p = q + -70. What is the tens digit of p?
8
Let g = -60 - -40. Let z = -304 + g. What is the units digit of z/(-21) + (-12)/28?
5
Let u(c) = -c**2 + 12*c + 17. Let w be (-10)/((-6)/3)*2. What is the tens digit of u(w)?
3
Suppose 734 = 2*s - 2*i, 4*s - 6*i + 9*i - 1454 = 0. What is the tens digit of s?
6
Suppose 0 = -9*r + 10*r - 2. Suppose -g - 207 = -3*k + r*g, 2*k + 2*g = 158. What is the tens digit of (1 + -3)*k/(-4)?
3
Let x = 22 + 15. Suppose k - 5*c - x = -0*k, -3*c - 41 = -k. What is the tens digit of k?
4
Suppose -212*b = -220*b + 6920. What is the tens digit of b?
6
Let w(h) = 102*h**2 - 18*h + 38. What is the hundreds digit of w(3)?
9
Let d(w) = w**2 + w + 1. Let o(f) = -4*f**3 + 3*f**2. Let q(a) = -6*d(a) + o(a). What is the units digit of q(-3)?
3
Let y(o) = -o**3 + 9*o**2 + 6*o + 7. Let n be y(6). Let i = -56 + n. What is the tens digit of i?
9
Suppose 0 = -t - 7*t + 496. Let o be 2 + -5 + (2 - 40). Let i = t + o. What is the tens digit of i?
2
Suppose -17*y - 2*p = -20*y + 10616, 3556 = y - 5*p. What is the tens digit of y?
3
Let u be 91/(-7) + (3 - 2). What is the units digit of (116/u)/((-2)/18)?
7
Let b = -188 - -272. Suppose 58 = 85*g - b*g. What is the tens digit of g?
5
Suppose -4*d - b + 391 = -3*d, 0 = -4*d - b + 1579. Suppose -4*q + d = -28. What is the hundreds digit of q?
1
Let k = 68 + -41. Suppose -4*i = -49 - k. What is the tens digit of i?
1
Suppose -n = -2*s + 4*n + 156, 0 = -4*s + n + 348. Suppose -2*w - 2*w = -s. What is the units digit of w?
2
Let n be -1 + ((-4)/(-6) - 3/(-9)). Let m(c) = -c**3 - c**2 - c + 150. What is the hundreds digit of m(n)?
1
Let t = -25 - -33. Let q be 5/(-2)*t/(-10). Suppose -4*z - 16 = -q*i, 4*i + 5*z + 7 = -0. What is the units digit of i?
2
Suppose 6 = -3*j - 60. Let v = 41 + j. What is the tens digit of v?
1
Let l(h) = 9*h - 5. Let x(a) = 4*a - 3. Let v(n) = -2*l(n) + 5*x(n). Let f be v(4). Suppose 8 = f*g - 13. What is the units digit of g?
7
What is the units digit of ((-11)/22)/(-1 + 1927/192